{"id":95,"date":"2023-05-16T16:32:47","date_gmt":"2023-05-16T14:32:47","guid":{"rendered":"https:\/\/www.snitem.fr\/sport-et-handicap\/?post_type=cpt-athletes&#038;p=95"},"modified":"2024-10-03T11:56:22","modified_gmt":"2024-10-03T09:56:22","slug":"alexandra-nouchet","status":"publish","type":"cpt-athletes","link":"https:\/\/www.snitem.fr\/sport-et-handicap\/cpt-athletes\/alexandra-nouchet\/","title":{"rendered":"Alexandra Nouchet, 26 ans"},"content":{"rendered":"\n<p><strong>Palmar\u00e8s :<\/strong> Une 4\u00e8me place au saut en longueur aux championnats d\u2019Europe Handisport 2021.<\/p>\n\n\n\n<p><strong>Histoire :<\/strong>  N\u00e9e avec la jambe droite atrophi\u00e9e, Alexandra a d\u2019abord \u00e9t\u00e9 orient\u00e9e vers la para natation o\u00f9 elle a \u00e9t\u00e9 sportive de haut niveau. Elle a ensuite connu une reconversion en tant qu\u2019athl\u00e8te o\u00f9 elle est \u00e9galement devenue sportive de haut niveau dans les disciplines du saut en longueur et du 100m. Aujourd\u2019hui, elle se consacre pleinement a ces deux disciplines avec Paris2024 comme objectif.<\/p>\n","protected":false},"featured_media":59,"template":"","meta":{"_acf_changed":false,"footnotes":""},"discipline":[9],"class_list":["post-95","cpt-athletes","type-cpt-athletes","status-publish","has-post-thumbnail","hentry","discipline-para-athletisme"],"acf":[],"yoast_head":"<!-- This site is optimized with the Yoast SEO plugin v27.4 - https:\/\/yoast.com\/product\/yoast-seo-wordpress\/ -->\n<title>Alexandra Nouchet, 26 ans - Sport et handicap<\/title>\n<meta name=\"robots\" content=\"index, follow, max-snippet:-1, max-image-preview:large, max-video-preview:-1\" \/>\n<link rel=\"canonical\" href=\"https:\/\/www.snitem.fr\/sport-et-handicap\/cpt-athletes\/alexandra-nouchet\/\" \/>\n<meta property=\"og:locale\" content=\"fr_FR\" \/>\n<meta property=\"og:type\" content=\"article\" \/>\n<meta property=\"og:title\" content=\"Alexandra Nouchet, 26 ans - Sport et handicap\" \/>\n<meta property=\"og:description\" content=\"Palmar\u00e8s : Une 4\u00e8me place au saut en longueur aux championnats d\u2019Europe Handisport 2021. Histoire : N\u00e9e avec la jambe droite atrophi\u00e9e, Alexandra a d\u2019abord \u00e9t\u00e9 orient\u00e9e vers la para natation o\u00f9 elle a \u00e9t\u00e9 sportive de haut niveau. Elle a ensuite connu une reconversion en tant qu\u2019athl\u00e8te o\u00f9 elle est \u00e9galement devenue sportive de &hellip;\" \/>\n<meta property=\"og:url\" content=\"https:\/\/www.snitem.fr\/sport-et-handicap\/cpt-athletes\/alexandra-nouchet\/\" \/>\n<meta property=\"og:site_name\" content=\"Sport et handicap\" \/>\n<meta property=\"article:modified_time\" content=\"2024-10-03T09:56:22+00:00\" \/>\n<meta property=\"og:image\" content=\"https:\/\/www.snitem.fr\/sport-et-handicap\/wp-content\/uploads\/2023\/05\/Alexandra-Nouchet.png\" \/>\n\t<meta property=\"og:image:width\" content=\"150\" \/>\n\t<meta property=\"og:image:height\" content=\"200\" \/>\n\t<meta property=\"og:image:type\" content=\"image\/png\" \/>\n<meta name=\"twitter:card\" content=\"summary_large_image\" \/>\n<meta name=\"twitter:label1\" content=\"Dur\u00e9e de lecture estim\u00e9e\" \/>\n\t<meta name=\"twitter:data1\" content=\"1 minute\" \/>\n<script type=\"application\/ld+json\" class=\"yoast-schema-graph\">{\"@context\":\"https:\\\/\\\/schema.org\",\"@graph\":[{\"@type\":\"WebPage\",\"@id\":\"https:\\\/\\\/www.snitem.fr\\\/sport-et-handicap\\\/cpt-athletes\\\/alexandra-nouchet\\\/\",\"url\":\"https:\\\/\\\/www.snitem.fr\\\/sport-et-handicap\\\/cpt-athletes\\\/alexandra-nouchet\\\/\",\"name\":\"Alexandra Nouchet, 26 ans - Sport et handicap\",\"isPartOf\":{\"@id\":\"http:\\\/\\\/snitemhandi.illisite.info\\\/#website\"},\"primaryImageOfPage\":{\"@id\":\"https:\\\/\\\/www.snitem.fr\\\/sport-et-handicap\\\/cpt-athletes\\\/alexandra-nouchet\\\/#primaryimage\"},\"image\":{\"@id\":\"https:\\\/\\\/www.snitem.fr\\\/sport-et-handicap\\\/cpt-athletes\\\/alexandra-nouchet\\\/#primaryimage\"},\"thumbnailUrl\":\"https:\\\/\\\/www.snitem.fr\\\/sport-et-handicap\\\/wp-content\\\/uploads\\\/2023\\\/05\\\/Alexandra-Nouchet.png\",\"datePublished\":\"2023-05-16T14:32:47+00:00\",\"dateModified\":\"2024-10-03T09:56:22+00:00\",\"breadcrumb\":{\"@id\":\"https:\\\/\\\/www.snitem.fr\\\/sport-et-handicap\\\/cpt-athletes\\\/alexandra-nouchet\\\/#breadcrumb\"},\"inLanguage\":\"fr-FR\",\"potentialAction\":[{\"@type\":\"ReadAction\",\"target\":[\"https:\\\/\\\/www.snitem.fr\\\/sport-et-handicap\\\/cpt-athletes\\\/alexandra-nouchet\\\/\"]}]},{\"@type\":\"ImageObject\",\"inLanguage\":\"fr-FR\",\"@id\":\"https:\\\/\\\/www.snitem.fr\\\/sport-et-handicap\\\/cpt-athletes\\\/alexandra-nouchet\\\/#primaryimage\",\"url\":\"https:\\\/\\\/www.snitem.fr\\\/sport-et-handicap\\\/wp-content\\\/uploads\\\/2023\\\/05\\\/Alexandra-Nouchet.png\",\"contentUrl\":\"https:\\\/\\\/www.snitem.fr\\\/sport-et-handicap\\\/wp-content\\\/uploads\\\/2023\\\/05\\\/Alexandra-Nouchet.png\",\"width\":150,\"height\":200},{\"@type\":\"BreadcrumbList\",\"@id\":\"https:\\\/\\\/www.snitem.fr\\\/sport-et-handicap\\\/cpt-athletes\\\/alexandra-nouchet\\\/#breadcrumb\",\"itemListElement\":[{\"@type\":\"ListItem\",\"position\":1,\"name\":\"Accueil\",\"item\":\"https:\\\/\\\/www.snitem.fr\\\/sport-et-handicap\\\/\"},{\"@type\":\"ListItem\",\"position\":2,\"name\":\"Alexandra Nouchet, 26 ans\"}]},{\"@type\":\"WebSite\",\"@id\":\"http:\\\/\\\/snitemhandi.illisite.info\\\/#website\",\"url\":\"http:\\\/\\\/snitemhandi.illisite.info\\\/\",\"name\":\"Sport et handicap\",\"description\":\"\",\"potentialAction\":[{\"@type\":\"SearchAction\",\"target\":{\"@type\":\"EntryPoint\",\"urlTemplate\":\"http:\\\/\\\/snitemhandi.illisite.info\\\/?s={search_term_string}\"},\"query-input\":{\"@type\":\"PropertyValueSpecification\",\"valueRequired\":true,\"valueName\":\"search_term_string\"}}],\"inLanguage\":\"fr-FR\"}]}<\/script>\n<!-- \/ Yoast SEO plugin. -->","yoast_head_json":{"title":"Alexandra Nouchet, 26 ans - Sport et handicap","robots":{"index":"index","follow":"follow","max-snippet":"max-snippet:-1","max-image-preview":"max-image-preview:large","max-video-preview":"max-video-preview:-1"},"canonical":"https:\/\/www.snitem.fr\/sport-et-handicap\/cpt-athletes\/alexandra-nouchet\/","og_locale":"fr_FR","og_type":"article","og_title":"Alexandra Nouchet, 26 ans - Sport et handicap","og_description":"Palmar\u00e8s : Une 4\u00e8me place au saut en longueur aux championnats d\u2019Europe Handisport 2021. Histoire : N\u00e9e avec la jambe droite atrophi\u00e9e, Alexandra a d\u2019abord \u00e9t\u00e9 orient\u00e9e vers la para natation o\u00f9 elle a \u00e9t\u00e9 sportive de haut niveau. Elle a ensuite connu une reconversion en tant qu\u2019athl\u00e8te o\u00f9 elle est \u00e9galement devenue sportive de &hellip;","og_url":"https:\/\/www.snitem.fr\/sport-et-handicap\/cpt-athletes\/alexandra-nouchet\/","og_site_name":"Sport et handicap","article_modified_time":"2024-10-03T09:56:22+00:00","og_image":[{"width":150,"height":200,"url":"https:\/\/www.snitem.fr\/sport-et-handicap\/wp-content\/uploads\/2023\/05\/Alexandra-Nouchet.png","type":"image\/png"}],"twitter_card":"summary_large_image","twitter_misc":{"Dur\u00e9e de lecture estim\u00e9e":"1 minute"},"schema":{"@context":"https:\/\/schema.org","@graph":[{"@type":"WebPage","@id":"https:\/\/www.snitem.fr\/sport-et-handicap\/cpt-athletes\/alexandra-nouchet\/","url":"https:\/\/www.snitem.fr\/sport-et-handicap\/cpt-athletes\/alexandra-nouchet\/","name":"Alexandra Nouchet, 26 ans - Sport et handicap","isPartOf":{"@id":"http:\/\/snitemhandi.illisite.info\/#website"},"primaryImageOfPage":{"@id":"https:\/\/www.snitem.fr\/sport-et-handicap\/cpt-athletes\/alexandra-nouchet\/#primaryimage"},"image":{"@id":"https:\/\/www.snitem.fr\/sport-et-handicap\/cpt-athletes\/alexandra-nouchet\/#primaryimage"},"thumbnailUrl":"https:\/\/www.snitem.fr\/sport-et-handicap\/wp-content\/uploads\/2023\/05\/Alexandra-Nouchet.png","datePublished":"2023-05-16T14:32:47+00:00","dateModified":"2024-10-03T09:56:22+00:00","breadcrumb":{"@id":"https:\/\/www.snitem.fr\/sport-et-handicap\/cpt-athletes\/alexandra-nouchet\/#breadcrumb"},"inLanguage":"fr-FR","potentialAction":[{"@type":"ReadAction","target":["https:\/\/www.snitem.fr\/sport-et-handicap\/cpt-athletes\/alexandra-nouchet\/"]}]},{"@type":"ImageObject","inLanguage":"fr-FR","@id":"https:\/\/www.snitem.fr\/sport-et-handicap\/cpt-athletes\/alexandra-nouchet\/#primaryimage","url":"https:\/\/www.snitem.fr\/sport-et-handicap\/wp-content\/uploads\/2023\/05\/Alexandra-Nouchet.png","contentUrl":"https:\/\/www.snitem.fr\/sport-et-handicap\/wp-content\/uploads\/2023\/05\/Alexandra-Nouchet.png","width":150,"height":200},{"@type":"BreadcrumbList","@id":"https:\/\/www.snitem.fr\/sport-et-handicap\/cpt-athletes\/alexandra-nouchet\/#breadcrumb","itemListElement":[{"@type":"ListItem","position":1,"name":"Accueil","item":"https:\/\/www.snitem.fr\/sport-et-handicap\/"},{"@type":"ListItem","position":2,"name":"Alexandra Nouchet, 26 ans"}]},{"@type":"WebSite","@id":"http:\/\/snitemhandi.illisite.info\/#website","url":"http:\/\/snitemhandi.illisite.info\/","name":"Sport et handicap","description":"","potentialAction":[{"@type":"SearchAction","target":{"@type":"EntryPoint","urlTemplate":"http:\/\/snitemhandi.illisite.info\/?s={search_term_string}"},"query-input":{"@type":"PropertyValueSpecification","valueRequired":true,"valueName":"search_term_string"}}],"inLanguage":"fr-FR"}]}},"_links":{"self":[{"href":"https:\/\/www.snitem.fr\/sport-et-handicap\/wp-json\/wp\/v2\/cpt-athletes\/95","targetHints":{"allow":["GET"]}}],"collection":[{"href":"https:\/\/www.snitem.fr\/sport-et-handicap\/wp-json\/wp\/v2\/cpt-athletes"}],"about":[{"href":"https:\/\/www.snitem.fr\/sport-et-handicap\/wp-json\/wp\/v2\/types\/cpt-athletes"}],"version-history":[{"count":9,"href":"https:\/\/www.snitem.fr\/sport-et-handicap\/wp-json\/wp\/v2\/cpt-athletes\/95\/revisions"}],"predecessor-version":[{"id":527,"href":"https:\/\/www.snitem.fr\/sport-et-handicap\/wp-json\/wp\/v2\/cpt-athletes\/95\/revisions\/527"}],"wp:featuredmedia":[{"embeddable":true,"href":"https:\/\/www.snitem.fr\/sport-et-handicap\/wp-json\/wp\/v2\/media\/59"}],"wp:attachment":[{"href":"https:\/\/www.snitem.fr\/sport-et-handicap\/wp-json\/wp\/v2\/media?parent=95"}],"wp:term":[{"taxonomy":"discipline","embeddable":true,"href":"https:\/\/www.snitem.fr\/sport-et-handicap\/wp-json\/wp\/v2\/discipline?post=95"}],"curies":[{"name":"wp","href":"https:\/\/api.w.org\/{rel}","templated":true}]}}

<p><strong>Palmarès :</strong> Une 4ème place au saut en longueur aux championnats d’Europe Handisport 2021.</p>



<p><strong>Histoire :</strong>  Née avec la jambe droite atrophiée, Alexandra a d’abord été orientée vers la para natation où elle a été sportive de haut niveau. Elle a ensuite connu une reconversion en tant qu’athlète où elle est également devenue sportive de haut niveau dans les disciplines du saut en longueur et du 100m. Aujourd’hui, elle se consacre pleinement a ces deux disciplines avec Paris2024 comme objectif.</p>

<!-- This site is optimized with the Yoast SEO plugin v27.4 - https://yoast.com/product/yoast-seo-wordpress/ -->
<title>Alexandra Nouchet, 26 ans - Sport et handicap</title>
<meta name="robots" content="index, follow, max-snippet:-1, max-image-preview:large, max-video-preview:-1" />
<link rel="canonical" href="https://www.snitem.fr/sport-et-handicap/cpt-athletes/alexandra-nouchet/" />
<meta property="og:locale" content="fr_FR" />
<meta property="og:type" content="article" />
<meta property="og:title" content="Alexandra Nouchet, 26 ans - Sport et handicap" />
<meta property="og:description" content="Palmarès : Une 4ème place au saut en longueur aux championnats d’Europe Handisport 2021. Histoire : Née avec la jambe droite atrophiée, Alexandra a d’abord été orientée vers la para natation où elle a été sportive de haut niveau. Elle a ensuite connu une reconversion en tant qu’athlète où elle est également devenue sportive de &hellip;" />
<meta property="og:url" content="https://www.snitem.fr/sport-et-handicap/cpt-athletes/alexandra-nouchet/" />
<meta property="og:site_name" content="Sport et handicap" />
<meta property="article:modified_time" content="2024-10-03T09:56:22+00:00" />
<meta property="og:image" content="https://www.snitem.fr/sport-et-handicap/wp-content/uploads/2023/05/Alexandra-Nouchet.png" />
	<meta property="og:image:width" content="150" />
	<meta property="og:image:height" content="200" />
	<meta property="og:image:type" content="image/png" />
<meta name="twitter:card" content="summary_large_image" />
<meta name="twitter:label1" content="Durée de lecture estimée" />
	<meta name="twitter:data1" content="1 minute" />
<script type="application/ld+json" class="yoast-schema-graph">{"@context":"https:\/\/schema.org","@graph":[{"@type":"WebPage","@id":"https:\/\/www.snitem.fr\/sport-et-handicap\/cpt-athletes\/alexandra-nouchet\/","url":"https:\/\/www.snitem.fr\/sport-et-handicap\/cpt-athletes\/alexandra-nouchet\/","name":"Alexandra Nouchet, 26 ans - Sport et handicap","isPartOf":{"@id":"http:\/\/snitemhandi.illisite.info\/#website"},"primaryImageOfPage":{"@id":"https:\/\/www.snitem.fr\/sport-et-handicap\/cpt-athletes\/alexandra-nouchet\/#primaryimage"},"image":{"@id":"https:\/\/www.snitem.fr\/sport-et-handicap\/cpt-athletes\/alexandra-nouchet\/#primaryimage"},"thumbnailUrl":"https:\/\/www.snitem.fr\/sport-et-handicap\/wp-content\/uploads\/2023\/05\/Alexandra-Nouchet.png","datePublished":"2023-05-16T14:32:47+00:00","dateModified":"2024-10-03T09:56:22+00:00","breadcrumb":{"@id":"https:\/\/www.snitem.fr\/sport-et-handicap\/cpt-athletes\/alexandra-nouchet\/#breadcrumb"},"inLanguage":"fr-FR","potentialAction":[{"@type":"ReadAction","target":["https:\/\/www.snitem.fr\/sport-et-handicap\/cpt-athletes\/alexandra-nouchet\/"]}]},{"@type":"ImageObject","inLanguage":"fr-FR","@id":"https:\/\/www.snitem.fr\/sport-et-handicap\/cpt-athletes\/alexandra-nouchet\/#primaryimage","url":"https:\/\/www.snitem.fr\/sport-et-handicap\/wp-content\/uploads\/2023\/05\/Alexandra-Nouchet.png","contentUrl":"https:\/\/www.snitem.fr\/sport-et-handicap\/wp-content\/uploads\/2023\/05\/Alexandra-Nouchet.png","width":150,"height":200},{"@type":"BreadcrumbList","@id":"https:\/\/www.snitem.fr\/sport-et-handicap\/cpt-athletes\/alexandra-nouchet\/#breadcrumb","itemListElement":[{"@type":"ListItem","position":1,"name":"Accueil","item":"https:\/\/www.snitem.fr\/sport-et-handicap\/"},{"@type":"ListItem","position":2,"name":"Alexandra Nouchet, 26 ans"}]},{"@type":"WebSite","@id":"http:\/\/snitemhandi.illisite.info\/#website","url":"http:\/\/snitemhandi.illisite.info\/","name":"Sport et handicap","description":"","potentialAction":[{"@type":"SearchAction","target":{"@type":"EntryPoint","urlTemplate":"http:\/\/snitemhandi.illisite.info\/?s={search_term_string}"},"query-input":{"@type":"PropertyValueSpecification","valueRequired":true,"valueName":"search_term_string"}}],"inLanguage":"fr-FR"}]}</script>
<!-- / Yoast SEO plugin. -->

Palmarès : Une 4ème place au saut en longueur aux championnats d’Europe Handisport 2021. Histoire : Née avec la jambe droite atrophiée, Alexandra a d’abord été orientée vers la para natation où elle a été sportive de haut niveau. Elle a ensuite connu une reconversion en tant qu’athlète où elle est également devenue sportive de &hellip;
